s the value of 0 - (4 - -17 - 11)?
-10
Evaluate (18 + -19 - -59) + -35.
23
What is (0 - 4) + 0 + 7 - -1 - -5?
9
What is the value of -5 + 2 + -5 + -2 - (82 - 90)?
-2
What is the value of -6 + 20 - (6 - (0 + 6 + 1))?
15
What is 11 + 3 - (-219 - -234)?
-1
-8 + 15 + -41 + 27
-7
What is the value of -18 + 21 + -6 + (5 - -9)?
11
-4 + 14 + -5 + (12 - 3) + -6
8
What is -17 + (7 + -6 - -18) + (0 - -20)?
22
What is the value of -1 - -8 - (18 + -12)?
1
What is the value of -9 + -1 + (17 - (-11 + 33))?
-15
Calculate (6 - (-4 - 8)) + (0 + -1 - 8).
9
Calculate -19 + 19 - (8 + -14 + -2).
8
-10 + 11 + -1 + -6
-6
Calculate (14 - -2 - (7 - -26)) + 33.
16
Calculate (-18 - (-15 + -2) - 6) + 12.
5
What is (0 - (11 - (29 - 11))) + -24?
-17
Calculate (3 + -10 + 18 - 2) + 1 + 3.
13
-3 + 11 + -7 + -7
-6
-20 + (26 - (4 - -6)) + 1 + -1
-4
-32 + 29 - (-17 + -1)
15
What is the value of (-16 - -13) + 0 - -10?
7
What is 1 + -10 + -9 + (-5 - -19)?
-4
What is 10 + (-22 - (-54 - -22))?
20
What is the value of 7 + (-40 - -44) + (-11 - -1) - 1?
0
What is (2 + 5 - 8) + -3 + 29?
25
Calculate 4 + (16 - 7 - (7 + (-6 - -9))).
3
5 + 18 + 5 + (4 - -17) + -21
28
(7 - 14) + -4 + 1 + -6 - 0
-16
Evaluate -2 + (-10 - 0) + (-1 - -5).
-8
-6 + (29 - 16 - 1)
6
What is the value of -29 - ((14 - (-15 - -18)) + -15)?
-25
Evaluate 9 + 34 + -26 + -37.
-20
What is the value of 2 + -5 - ((7 - -3) + -6) - 4?
-11
Calculate -12 - (0 - (0 + -17)).
-29
Calculate (3 + 1 - (-5 - -12)) + 5 - 9.
-7
What is the value of (-10 - (-17 - (-1 - 0))) + 31?
37
-1 + 5 + (-12 - (-10 + 3 + 1))
-2
Calculate -3 + -3 + 6 - (-12 - (9 - 15)).
6
Calculate (-35 - (-1 - (8 - -16))) + (-1 - -14).
3
23 - (20 + -1) - -15
19
Calculate -32 + (11 + -14 - (-4 - 6)).
-25
Calculate 2 - (9 - 4) - (3 - -1).
-7
What is 20 - (29 - (18 + -5))?
4
Evaluate -19 - ((-12 - 3) + -13 + 22).
-13
Evaluate 310 - 327 - (-1 + -26).
10
(2 - (7 + -9 + 8 + -1)) + -5
-8
Evaluate -51 + 50 + (-3 - (-3 - -12)) + 4.
-9
16 + 3 - (5 - 4 - (-9 - -7))
16
Calculate 0 + -6 + 1 + (0 - (-1 + 0)).
-4
Evaluate 19 - (9 + -19 - (-1 + -6)) - 8.
14
What is 10 - (4 + -11 + 12)?
5
What is the value of -51 + 77 + 14 + -1 + -3 - 8?
28
Evaluate -1 + 6 + (237 - 226).
16
-19 + -21 + 14 - -22
-4
What is (1 - -13 - 0) + -500 + 497?
11
Calculate (0 + (-7 - -20) - -14) + 3.
30
What is the value of -24 + -1 - (278 + -285)?
-18
What is the value of (1 - 2) + -3 + -67 + 69?
-2
Calculate -4 - (-12 + (3 - -4) - 20).
21
Evaluate 9 - (20 - (-10 + 13 - 3)).
-11
-13 + 13 - (-30 - -18)
12
15 + -7 + (-13 - (2 + -1))
-6
Calculate 20 + (13 - 18 - 11) + 13.
17
What is -12 + -13 + 23 - -11 - (24 - -1)?
-16
What is 13 - -3 - 13 - (5 - -6)?
-8
-35 + -1 + (2254 - 2190)
28
(14 - -1) + (7 + -15 - (20 - 32))
19
Evaluate 1 + -7 + -11 + (-11 + 22 - 6).
-12
What is (-6 + (-2 - -1) - (45 - 62)) + -4?
6
What is -14 - ((18 - 25) + -10 + 8 + 0)?
-5
6 + (21 - 11 - (17 - 2)) + -1
0
What is (-3 - -3 - (-8 + -5)) + (-2 - 6)?
5
What is 12 + -11 - 3 - (6 - -1)?
-9
Calculate -3 + -2 + (5 - 9) + 3 - 6.
-12
Calculate 38 - (-17 + 13 - -13).
29
Calculate -4 + 4 + -3 + 0.
-3
Calculate -3 + (0 - 4) + 13 + (-4 - 5).
-3
What is the value of 1703 + -1680 + (-1 + -1 - -3)?
24
-9 - (26 + -34) - 22
-23
-4 - (-26 + 16 + 29)
-23
Evaluate (-3 - (-2 - -1 - -27)) + 112 + -104.
-21
Calculate (0 - -2 - (-2 - 2)) + 395 + -395.
6
Evaluate 12 + 1 + 5 + -9.
9
(1 - (-1 + 2)) + (-3 + 7 - 7)
-3
Calculate 4 + -7 + 18 + 6 - (17 + -23).
27
2 + -24 - (26 + (-29 - 9))
-10
Calculate -21 + (31 - 4) + 15.
21
-7 + (5 - 8) - -16
6
-14 + 2 - -19 - (1 + -3 + 25)
-16
Calculate (16 - (-4 - -3)) + 463 + -474.
6
What is the value of -4 - (2 + 0 - (15 + -6 + -3))?
0
Evaluate -80 - -87 - (-1 - -8) - 13.
-13
Calculate -14 + 46 + -25 + 11 - -9.
27
Calculate -1 + (-7 - (-3 - 4)) + -5 + -1.
-7
Evaluate (22 + -34 - -19) + -7.
0
What is -178 - -162 - (1 - 33)?
16
(65 + -55 - (-1 + 3)) + 2
10
Calculate -4 + -11 + 8 + 11.
4
Evaluate 5 - (254 + -239 + -33 + -1).
24
What is the value of (-29 - (-23 - -6)) + 0?
-12
-29 + (1 - (-4 + 14)) + 14
-24
1 - (0 - 0 - (13 + -15 + 1))
0
What is -7 + 12 + 2 + (1 - 1) + 2?
9
4 - (-8 - -7 - (-1 + 1))
5
What is (-20 + 18 - -12) + (-12 - 2)?
-4
3 + 3 + -5 + (0 - 21) + 3
-17
Calculate 1 - -1 - (-87 - -101 - (10 - -1)).
-1
Evaluate -4 - (-6 + -11 + 14 + -9).
8
Evaluate 1 + -6 + -17 + (7 + -15 - -17).
-13
-7 + 16 + 3 + -4 + (-9 - -6)
5
What is the value of -7 + 1 + (-9 - (5 - 2 - 3))?
-15
What is the value of 1 + -4 + 2 + -4 + 658 + -643?
10
Calculate -5 + 5 + -39 + 66.
27
Calculate -8 - (133 - 135 - (3 - 1 - -1)).
-3
-21 - (0 - 19) - (-2 + 0)
0
What is (3 - 0) + 94 + -125 - -12?
-16
Calculate (-124 - -57) + (2 - -36).
-29
Evaluate -2 + 16 + -22 - (3 - 3 - -9).
-17
1 - (-1 - 10) - 16
-4
Calculate 1 + 2 + -5 - -8 - 7.
-1
Evaluate 12 + (13 + -18 - -12) - (1 + 0).
18
What is the value of -3 - (-5 + 14 + 1)?
-13
Calculate -11 + 11 + (-5 - -1) + (21 - 31).
-14
What is -16 - (15 - 3 - 5 - (-8 + 11))?
-20
What is the value of (-4 - -11) + 11 + (15 - 19)?
14
Calculate 55 + -20 + (-12 - 3).
20
20 - ((5 + 3 - 1) + 9)
4
(-11 - (6 - (6 - -11))) + -5 + -4
-9
-3 - 17 - (-8 + 21 + -21)
-12
Evaluate (-8 - (11 + -31)) + 3 + 5.
20
What is the value of -3 - (-8 - (-11 + 6 - 5))?
-5
What is -5 - (-1 - (2 + -3) - 2 - -2)?
-5
Evaluate -9 + 26 - (-1 - -9).
9
Calculate (1 - -5) + 810 + -796.
20
What is the value of 21 + -7 + 11 + -52?
-27
Evaluate -25 + 20 + -2 + 11 - -2.
6
Evaluate 33 + -12 - (-4 - -19).
6
What is (0 - -17) + -6 - (-1 - -17)?
-5
What is the value of -25 + (21 - (51 + -34))?
-21
(-3 - 1) + (-20 - -23)
-1
Evaluate -12 + (13 - (8 + -1)) + 1.
-5
43 + -47 + (1 - 4)
-7
(0 - 4 - (1 + (2 - 11))) + -14
-10
What is -3 + (-7 - (-3 - 0 - 1))?
-6
4 + 1 + -1 + (4309 - 4336)
-23
What is (-2 + 9 - -2) + -20 + (24 - 12)?
1
Evaluate (-9 - -5) + (1 - -4) - (-10 + 9).
2
Evaluate (-2 + -2 - -26) + -91 + 88.
19
Calculate (31 - 24) + (-28 - -18).
-3
What is the value of 5 + 5 + 16 + (17 - (-9 - -36))?
16
Evaluate -25 + (43 - 6) - (28 - -1).
-17
(0 - (4 + -6 - 0) - -1) + 4
7
What is -24 - (16 + -32 - -8)?
-16
What is (-7 - -1) + -124 + 129?
-1
What is the value of 14 - (-2 - -17) - -4?
3
What is the value of 10 - -6 - (68 - 41)?
-11
Evaluate (0 - (-1 + (-14 - -16))) + -3.
-4
What is (-11 - 2) + (1 + -8 + 10 - 5)?
-15
What is the value of -1 + -2 + 39 + -20 + 8 + -4?
20
What is 2 + 3 + -3 + -51 + 46?
-3
What is -24 + (-14 - (4 + -21))?
-21
Calculate 16 + 1 + -25 + -19 + 42.
15
33 + -9 + -12 + -5 - -2
9
What is -7 + 12 + -4 - (-3 - -1)?
3
Calculate 17 + 4 + (3 - 6 - 6).
12
Calculate (11 - 32 - -18) + -2 + 23.
18
Evaluate -3 - (28 + (33 - 55)).
-9
-7 - -2 - (-30 - -51)
-26
What is (2 - 6) + (7 - (4 + -9 + 10))?
-2
Calculate (-2 - 0 - 4) + 5 + -6 + 2.
-5
-1 + -2 + (-6 - -15 - 1 - 8)
-3
What is the value of 12 + -26 - (6 - (30 - -5))?
15
Calculate -9 + (1 - -6 - -1) - (0 - 13).
12
What is (26 - -2) + (-2 - (2 + (-2 - 3)))?
29
-27 + -1 - (-72 + 57)
-13
Calculate -31 - -65 - (10 + 3) - -6.
27
What is the value of 9 + -5 + -1 + 12 - 3?
12
What is (-13 - (-9 + -11)) + (-3 - -1) + 9?
14
-15 + 2 + 0 + (10 - (21 + -6))
-18
What is -36 - (47 + -90) - (-1 + -17)?
25
What is 3 + 6 + 1 + 6 + 2 + 6?
24
Evaluate 8 - 4 - 36 - (-19 - (1 + -11)).
-23
Evaluate -38 + 41 + -8 - (-2 + -24).
21
What is (27 - 13 - 25) + 24?
13
What is the value of 17 + -23 - (-2 + 1 + 12) - -6?
-11
(-12 - -3) + 3 + (2 - 28)
-32
12 + (-7 + 17 - 24)
-2
20 + (7 + -5 - -1 - 9) + -1
13
What is the value of -5 + (8 + 2 + -5 + 0 - 4)?
-4
-2 - (9 - (23 + -9))
3
What is the value of 10 + (5 - 10) - (-22 + 9)?
18
What is 9 - (-4 + -7 + (16 - 6))?
10
What is 9 + 1 + -39 + 34?
5
-322 + 305 + 7 + 0
-10
Calculate 12 - ((-12 + -2 - -11) + -10).
25
1 - -20 - (63 - 61)
19
-16 + -17 + 31 + -13 + -14
-29
What is 2 + (1 - -2 - (2 + -5) - 2)?
6
What is -11 + 8 + 40 + -12?
25
Evaluate -3 + -35 - -10 - (-7 + 1).
-22
Evaluate (18 - (14 - -11)) + (21 - (0 - 5)).
19
Calculate 9 + -14 + (-53 - -42).
-16
-1 + 3 + -1 - (-4 + 17)
-12
What is 7 + (1 - (4 + -11))?
15
-12 + (9 - -1 - 1)
-3
What is 14 + (40 - 31) + -33?
-10
What is the value of -7 - -8 - (-16 + 48 + -11)?
-20
Calculate 16 - 0 - (10 + 1 + 0 - 7).
12
What is 16 - 18 - (3 - (-2 - (3 - -2)))?
-12
What is the value of (-13 - -7) + (23 - 3)?
14
Calculate -24 + 39 + -1 + -5 + -5 + 4.